/o).
2, 5
Let v = 4 + 25. What are the prime factors of v?
29
Suppose -2*n - n = 0, -4*c + 5*n + 12 = 0. What are the prime factors of c?
3
Suppose 2*g - 315 = -5*y, 0*y + 4*y + 461 = 3*g. Suppose m + 4*m = g. Suppose 0*i + 18 = 2*i + 2*h, -h - m = -3*i. List the prime factors of i.
2, 5
Suppose -58*i + 59*i - 12 = 0. List the prime factors of i.
2, 3
Let j(b) = -16*b + 12. Let o be j(-10). Suppose 4*s - o = -24. What are the prime factors of s?
37
Let v(o) = 5*o**3 - o**2 + o. Let d be v(1). Let q(j) = 7*j - 8. What are the prime factors of q(d)?
3
Suppose -i - 4 = -10. Suppose -l + 5 = -i. What are the prime factors of l?
11
Suppose -v + 5*v - 8 = 0. Let b(l) = -2*l**3 + 3 + 4*l**v + 3*l**3 - 5*l + 0. What are the prime factors of b(-5)?
3
Let a(g) = 25*g**3 + 3*g - 4*g - 7*g**3. Suppose -4*i + 3*m = -10, -3*i - 5 = 3*m - 2. List the prime factors of a(i).
17
Let z = 42 - 25. Let o = z - -4. What are the prime factors of o?
3, 7
Let o be 6 - 2 - 2*1. Let w be 2*(4 - 2)/o. Suppose 0*q + 6 = w*q. What are the prime factors of q?
3
Suppose k + 6 = 4*k. Suppose 4 + 1 = g + k*w, 41 = 4*g + w. What are the prime factors of g?
11
List the prime factors of 1 + (0 - -1) + 43 + 85.
2, 5, 13
Suppose 0*z - 100 = -5*z. List the prime factors of z.
2, 5
List the prime factors of (-284)/(-14) - (40/(-35))/(-4).
2, 5
Suppose 0 = -3*u + u - 4*m + 10, u + 3*m = 6. List the prime factors of u + (-1*4 - -3).
2
Suppose -2*b - 35 = -b. What are the prime factors of 90/b*28/(-3)?
2, 3
Suppose -544 = -4*h + 52. What are the prime factors of h?
149
Let n(t) = 6*t**3 + 12*t**2 + 11*t - 4. Let i(k) = 5*k**3 + 11*k**2 + 10*k - 4. Let y(u) = -7*i(u) + 6*n(u). What are the prime factors of y(6)?
2
Suppose 2*d = -0*d - g - 19, 4*g - 32 = 4*d. What are the prime factors of 2/d + (-83)/(-9)?
3
Let o be ((-1)/(-2) + -1)*0. Suppose 3*d - 5 = z + 9, 20 = 5*d - 5*z. Suppose -d*r - 2*v + 49 = 0, r + v - 10 - 1 = o. List the prime factors of r.
3
Let h(v) = -v**2 + 8*v. Let n be h(8). Suppose 4*m = -t - m + 19, n = -2*t + 4*m + 108. What are the prime factors of t?
2, 11
Suppose 2*d + d = 261. What are the prime factors of d?
3, 29
Let p(b) be the third derivative of -b**5/60 - 5*b**4/8 + 7*b**3/3 + 6*b**2. What are the prime factors of p(-14)?
2, 7
Let z = 1 + 1. Let k = 0 + z. What are the prime factors of (15/k)/((-6)/(-12))?
3, 5
Let x(n) = n**3 - 2*n**2 + n. Let g be x(3). Let z be (-3)/g - 98/(-8). Suppose z = -5*u + 32. What are the prime factors of u?
2
Let k be ((-3)/6)/((-1)/(-8)). What are the prime factors of (-15)/k + (-6)/(-24)?
2
List the prime factors of (45/(-10))/(-9) + (-106)/(-4).
3
Suppose 3*v - 6 = 0, 4*o - 3*o + 1 = 2*v. What are the prime factors of o?
3
Let a(d) = 12*d - 19. Let v(m) = 3*m - 5. Let x(g) = -2*a(g) + 9*v(g). What are the prime factors of x(5)?
2
Let p(w) = -2*w**3 - 9*w**2 - 4*w. Let n(h) = -5*h**3 - 19*h**2 - 9*h. Let y(b) = 3*n(b) - 7*p(b). Let x be y(7). Let d = -27 - x. List the prime factors of d.
3, 5
Let q(p) = 2*p**2 - 11*p - 35. Let a(c) = c**2 - 5*c - 17. Let k(u) = -9*a(u) + 4*q(u). List the prime factors of k(0).
13
Let v(h) = h**2 - 3*h + 8. List the prime factors of v(7).
2, 3
Let b = -6 + 1. Let z(n) = -4*n - 4 - 5*n - 3 + 5*n. What are the prime factors of z(b)?
13
Let z(t) = 24*t**2 + 2*t - 1. Let l(h) = 97*h**2 + 8*h - 5. Let i(a) = -2*l(a) + 9*z(a). What are the prime factors of i(-1)?
3, 7
Suppose -177 = -3*u - 12. What are the prime factors of u?
5, 11
Let n be -17*2*(-2)/4. What are the prime factors of n + (-3)/3 + 4?
2, 5
Suppose -2*m + 4*x = 3*m - 28, 5*x = -3*m + 2. List the prime factors of (4 - 2)/(2/m).
2
Suppose 3*w - 6 = n - 2*n, w + 9 = -4*n. Let m = 26 + n. List the prime factors of m.
23
Let n(w) = -w**3 + 9*w**2 - 8*w. Let a be n(8). Let t(i) = i**2 - i + 1. Let j be t(a). What are the prime factors of (2*j)/(6/12)?
2
Let b = 74 + -9. What are the prime factors of b?
5, 13
Let w(r) = 3*r - 5. Let s(f) = -6*f + 11. Let j(g) = 2*s(g) + 5*w(g). What are the prime factors of j(2)?
3
Suppose u + 4*x = 31, -3*u + u - x + 41 = 0. What are the prime factors of u?
19
Let z(g) = g**3 - 3*g**2 - 4*g + 4. Let b be z(4). Let l be 0/2 - (-90)/3. Suppose l = b*i - i. What are the prime factors of i?
2, 5
Let z(v) = 3*v**2 - 13*v - 9. List the prime factors of z(7).
47
List the prime factors of (5190/(-14) + 2/(-7))*-1.
7, 53
Let j(u) = 3*u**3 - 8*u**2 + 15*u - 17. Let a(t) = -2*t**3 + 4*t**2 - 8*t + 9. Let x(c) = -5*a(c) - 3*j(c). List the prime factors of x(-5).
2, 3
Suppose -4*x + 5*x = 14. Suppose 3*v - 10 - x = 0. List the prime factors of v.
2
Let h = 2 + 4. Suppose -m + h + 6 = t, 2*t - 2*m - 28 = 0. List the prime factors of t.
13
Let w(p) = 2*p + 9. What are the prime factors of w(1)?
11
Suppose 4*u = -6 + 10. List the prime factors of u/5 - (-14)/5.
3
Suppose 4*x + d - 161 = 2*d, -5*x + 170 = 5*d. Let s = -23 + x. Let u = s - 8. What are the prime factors of u?
2
Let b = -7 + 5. Let x be 1 + b - (-1 + 0). Suppose -5*j + x*j + 15 = 0. List the prime factors of j.
3
What are the prime factors of 29 + 9 - (0 - 1)?
3, 13
Let s(t) be the first derivative of 2*t**2 - 25*t - 5. List the prime factors of s(11).
19
Let g(l) = -l**2 - 5*l. Let p be g(-5). Let o(t) = -t - 3. Let f be o(p). Let b = 6 + f. List the prime factors of b.
3
Let r(x) = -3*x + 9*x + 2*x**2 - 2 + 5*x**2 + x**3. Let o be r(-6). List the prime factors of 84/(-8)*o/3.
7
List the prime factors of -1*15*(-2 - -1).
3, 5
Suppose 0 = h + 4*s - 20, -3*h + 29 = -s - 5. Let n(q) = -q**3 + 11*q**2 + 13*q - 9. What are the prime factors of n(h)?
3
Suppose 0 = -2*l + 75 + 19. What are the prime factors of l?
47
Let m = 26 + -12. Let s = 9 - m. List the prime factors of s*6/(-4 + 2).
3, 5
Let p(c) be the second derivative of -2*c**3/3 + c**2 + 4*c. What are the prime factors of p(-5)?
2, 11
Let v = -86 - -132. What are the prime factors of v?
2, 23
Suppose 3*n - 2*t + 1 - 3 = 0, -t - 1 = 2*n. Suppose -r + 3*r = -4. Let d = n - r. List the prime factors of d.
2
Let r(v) = -v**2 + 16*v + 2. Let m be r(16). Suppose 5*g = -4*p + 104, -4*p + m*g + 24 = -52. What are the prime factors of p?
3, 7
Let q = -7 + 9. Suppose 3*x + q*w - 12 - 15 = 0, -3*x = -w - 18. What are the prime factors of x?
7
Suppose x - 82 = -p - 0*x, 170 = 2*p + 4*x. List the prime factors of p.
79
What are the prime factors of -30*((-32)/(-12) + -4)?
2, 5
Let x = -2 - -3. Let a be 60/x - (4 - 2). What are the prime factors of a/7 - 4/14?
2
Let a(h) = h**2 + 12. List the prime factors of a(-7).
61
Suppose -9*m + 178 = -7*m. List the prime factors of m.
89
Suppose 3*q + 6 - 126 = 0. List the prime factors of q.
2, 5
Suppose -8*i + 502 + 26 = 0. List the prime factors of i.
2, 3, 11
Let m be (-92)/(-20) - (-4)/10. Let d be (-2)/5 - (-2)/m. Suppose w - 1 - 2 = d. What are the prime factors of w?
3
Let w(h) = -h + 3. Let f be w(7). Let x = f - -6. Let t = 4 + x. List the prime factors of t.
2, 3
Let o be (8/(-5))/(6/(-135)). Let z = o - 12. What are the prime factors of z?
2, 3
Suppose -5*k = -50 - 525. List the prime factors of k.
5, 23
Suppose 4*w - 3*b - 276 = -5*b, 270 = 4*w - b. Suppose -4*o - 208 = -w. List the prime factors of -1*2 + o/(-5).
5
Let h be -9*2*(-8)/(-12). List the prime factors of (-267)/h + (-1)/4.
2, 11
Suppose n - 4*w = 17, -13 = -5*n + 3*w - 7*w. Suppose -3*j + n = -4. Suppose 0 = -j*d + 15 + 6. What are the prime factors of d?
7
Let f = -10 - -26. Suppose 4*m = -3*i - i - f, 3*m + 12 = 3*i. Suppose 4*n + 4 = 0, i = 4*h - 3*h + 4*n - 2. List the prime factors of h.
2, 3
Suppose -9*t = -7*t - 332. What are the prime factors of t?
2, 83
Suppose 7*v - 2*v - 890 = 0. What are the prime factors of v?
2, 89
Let s = -6 - -9. Suppose 2*k - 3*x - 19 = 0, -32 = -4*k + s*x + x. What are the prime factors of ((-1)/(-3))/(k/135)?
3
Suppose n - 11 = 5*s - 0*s, 4*n - 101 = s. List the prime factors of n.
2, 13
Let i(h) = h**3 + 7*h**2 + 6*h + 6. Let n(f) = f**2 - 9*f + 2. Let p be n(8). Let y be i(p). Suppose 2 - y = -t. What are the prime factors of t?
2
Let c(s) = s - 6. Let k be c(8). Suppose 0 = -3*q - k*q + 15. Suppose 0*t = q*t - 18. List the prime factors of t.
2, 3
Let s(v) = -3*v - 1. Let o be s(-2). Suppose o*g - 83 = -4*a, 0*a = -2*g + 4*a + 22. List the prime factors of g.
3, 